 + 6. Let a be t(-8). Let s = a - i. What are the prime factors of s?
2, 11
What are the prime factors of (-6)/(-10) + (-430704)/(-135)?
3191
Let s = 27 - 25. Suppose 4*n - 3*h = 147, -s*n = -n - 3*h - 48. What are the prime factors of n?
3, 11
Let l = 3 + -9. List the prime factors of (l/5)/((-51)/4930).
2, 29
Suppose 109 = 5*d - 101. List the prime factors of d.
2, 3, 7
Let i be (-294)/(-9) - (-2)/6. Suppose -6*z - 5 = 3*j - 7*z, -20 = -5*j - 4*z. Suppose -i = -p - j*p. List the prime factors of p.
3, 11
Let k be (-128)/(2 + 12/(-4)). Suppose -3*d - k = -7*d. What are the prime factors of d/((3 - 0) + -1)?
2
Let x(g) = 17*g + 3. Let b(v) = 8*v + 2. Let p(w) = -7*b(w) + 3*x(w). Suppose -3*s = 4 + 17. List the prime factors of p(s).
2, 3, 5
Let o be 3*(325/(-15))/5. Let g be -2 - 10*(-3)/6. List the prime factors of o/(g/3*-1).
13
Suppose 1 = 3*t + 4. Let p = t - -5. Suppose 0 = -p*c - 1 + 101. What are the prime factors of c?
5
Let u(v) = 6*v**2 - 6*v + 8. Let q be u(4). Suppose -q = -3*p - 2. What are the prime factors of p?
2, 13
Let u(o) be the third derivative of -o**6/120 - 2*o**5/15 - o**4/12 + 2*o**3 - 26*o**2. What are the prime factors of u(-8)?
2, 7
Let p = -699 + 789. List the prime factors of p.
2, 3, 5
Suppose -i = -0*i - 377. List the prime factors of i.
13, 29
Suppose j - 2*d + 0*d - 6076 = 0, -3*j + 18198 = 4*d. List the prime factors of j.
2, 5, 607
Let a = 621 + 813. List the prime factors of a.
2, 3, 239
Suppose -4 = -4*s, -2*s = 3*n - 7*s - 4429. What are the prime factors of n?
2, 739
Let z be 2 - 3 - 815/(-5). Let d = 285 - z. List the prime factors of d.
3, 41
Suppose 4*y + 5*m - 360 = 0, -y + 2*y + 2*m - 87 = 0. What are the prime factors of (y/(-15))/((-1)/3)?
19
Suppose -10*l = -9*l - 476. Suppose -10*b = -6*b - l. List the prime factors of b.
7, 17
Let x = -190 - -334. What are the prime factors of x?
2, 3
Let i(j) = -8*j - 17. Let g(o) = -1. Suppose -3 = -3*p - 0. Let u(x) = p*i(x) - 6*g(x). What are the prime factors of u(-6)?
37
Let l = 153 + 58. What are the prime factors of l?
211
Let k be 1 - -2*(-4 + 5). Suppose -k*g + 249 = -78. List the prime factors of g.
109
Let q(m) = 0*m**2 + 6 + 6*m + 2*m**2 + 4. Let b(g) = g**3 + 2*g**2 - g - 7. Let t be b(0). What are the prime factors of q(t)?
2, 3, 11
Suppose -5*c = -4*o - 4*c - 35, -2*o = -2*c + 10. Suppose 0*d - 2*d = 10. Let v = d - o. List the prime factors of v.
5
Let t = 32 + -23. Let w = t + -7. What are the prime factors of (-2)/(-4) + 17/w?
3
Let v(h) = h. Let g be v(-2). Let w be ((-40)/(-12))/(g/(-3)). Suppose -3*c + w*c = 28. What are the prime factors of c?
2, 7
Let l = 28 + 49. Let f be -1*3/3*-4. Suppose 3*t + n = l, 5*n - f*n = t - 23. List the prime factors of t.
5
Suppose -4*m + 3130 + 1374 = 0. List the prime factors of m.
2, 563
Suppose -2*z + 569 = 5*w, -4*z + 4*w - 1108 = -8*z. List the prime factors of z.
2, 17
List the prime factors of 2427 - -5*(-6)/(-6)*-1.
2, 7, 173
Suppose 4*t - 3884 = -1400. Suppose 0 = -5*o + t - 91. List the prime factors of o.
2, 53
Let t(k) = 2*k**2 - 50*k - 83. What are the prime factors of t(-19)?
7, 227
Suppose -3*n - 2 = -5*n, 3*d - 5972 = -5*n. List the prime factors of d.
3, 13, 17
Let g be -172*(-4)/(-8)*-1. Let v = 165 - g. Suppose -v + 209 = 5*s. List the prime factors of s.
2, 13
Let k be (2/4)/(5/1910). Suppose 0 = x - k + 18. What are the prime factors of x?
173
Suppose -2*t = -t - j - 110, t - 2*j = 105. List the prime factors of t.
5, 23
Suppose -2*p + 5 = 5*f - 6*p, f - 4*p - 17 = 0. List the prime factors of (-260)/(-2) + 1 + f.
2
Let g(o) = -65*o + 1. Let k be g(-8). Suppose 104 = 5*b - k. What are the prime factors of b?
5
Suppose 5*g - 374 = 96. Let a = -57 + g. What are the prime factors of a?
37
List the prime factors of (-10)/(-105) - ((-492850)/21)/10.
2347
Let p be 43/(-5) + (16/20)/(-2). List the prime factors of (174/p - -2)/((-2)/12).
2, 13
Let u(s) = 3*s**2 + 8*s - 1. Let f be u(-3). Suppose -m = -2*k - 199, -k + f*k = -5*m + 1006. List the prime factors of m.
3, 67
Let p(m) = m**2 - 2*m. Let r(a) = -a - 6. Let h be r(-9). Let l be p(h). Suppose 3*i = 4*j + 128, -14 = -4*i - l*j + 115. List the prime factors of i.
2, 3
Let k = -1381 + 2853. List the prime factors of k.
2, 23
Suppose 0 = q - 4*k - 37 + 11, 0 = 4*q + 3*k - 66. Let s be 28/(-5) - q/45. What are the prime factors of (-62)/s + (-20)/(-30)?
11
Let g(z) = z + 1. Let i be g(-5). Let q be ((-6)/i)/((-5)/(-10)). Suppose q*v = 50 + 79. What are the prime factors of v?
43
Let t = -469 - -945. What are the prime factors of t?
2, 7, 17
Let x(z) = -z**2 - 6*z + 7. Let j be x(-8). Let y be 1/3 + (-15)/j. Suppose -y*m = -i + 29, -5*m = 5*i - 210 + 50. List the prime factors of i.
31
Let k = -133 - -138. Suppose k*z + 23 = 6*z. List the prime factors of z.
23
Let p be 2/(-7) - (-69)/21. Suppose p*v = 9 - 3. Suppose -5*u - 44 = -t, 7*t - v*t - 180 = 5*u. What are the prime factors of t?
2, 17
List the prime factors of ((-8)/(-6))/(3/162).
2, 3
Let c(d) = -d. Let z(r) = r - r + 3*r - 5 - 5*r + r**3 - 6*r**2. Let m(p) = -4*c(p) + z(p). List the prime factors of m(6).
7
Let d(i) = -i**3 - 20*i**2 + 32*i + 16. List the prime factors of d(-28).
2, 337
Let j(z) = z - 1. Let v be j(12). Let o = 3 - 5. Let y = v - o. What are the prime factors of y?
13
Let a(w) = 4*w - 15. Let k be a(3). What are the prime factors of k*(-4 + 3) - -114?
3, 13
Suppose -105 = 5*z - 20*z. Suppose -z*y = -6*y - 228. List the prime factors of y.
2, 3, 19
Suppose 2*m - 1759 = 5*b - 5695, 0 = 2*b - m - 1575. What are the prime factors of b?
2, 3, 131
Suppose 11*i - 319 - 627 = 0. Suppose 3*b - b - i = 0. List the prime factors of b.
43
What are the prime factors of 3/(-2) + 2 - (-954)/36?
3
Let c(a) = 933*a**2 - 10*a - 8. List the prime factors of c(-1).
5, 11, 17
Let y be (-1)/(-1)*1 + 29. Let k = -177 + 160. Let h = y + k. What are the prime factors of h?
13
Let t(d) = -54*d - 45. Let c(n) = -18*n - 15. Let z(y) = -17*c(y) + 6*t(y). List the prime factors of z(-5).
3, 5
Let y = -3572 + 6577. List the prime factors of y.
5, 601
Let t(b) = -5*b**2 - b - 14. Let y be t(0). List the prime factors of (-2012)/y - (-2)/7.
2, 3
Let k = -710 + 432. Let q = -124 - k. What are the prime factors of q?
2, 7, 11
Let s(l) = 12*l - 20. Let j = -18 - -21. List the prime factors of s(j).
2
Let c = 14 - 9. Let m(k) = 4*k + 12. What are the prime factors of m(c)?
2
Let j(b) = -3*b**2 + 47*b - 50. Let q(y) = 2*y**2 - 31*y + 33. Let i(z) = -5*j(z) - 7*q(z). Suppose -t = -0*t - 17. What are the prime factors of i(t)?
2
Let g = 3026 + -71. List the prime factors of g.
3, 5, 197
Let n(z) = z + 4 - 2*z - 5*z + 2. List the prime factors of n(-3).
2, 3
What are the prime factors of 10716/20 - (5 + 26/(-5))?
2, 67
Let k(r) = r**3 + 8*r**2 - 11*r - 13. Let w be k(-9). Suppose -4*c - 4*f = -101 - 15, -w*c = 4*f - 144. List the prime factors of c.
2, 7
Let y(v) = -v**3 - 11*v**2 - 9*v + 7. Let k be y(-10). Let w be -2 - (k + (-6)/3). Suppose -3 - w = -n. What are the prime factors of n?
2, 3
Let y(x) = 10*x**3 - 6*x**2 + 41*x - 6. What are the prime factors of y(4)?
2, 3, 13
Suppose -2*v + 6*v = 172. Let l = 33 + v. What are the prime factors of l?
2, 19
Let j(z) = z + 14. Let c be j(0). Let i be -11 + (-7)/(c/4). Let m = i - -26. What are the prime factors of m?
13
List the prime factors of -5*4/(-130) + (-113757)/(-39).
2917
Let i = 2052 - 688. What are the prime factors of (-2)/(-7) - i/(-77)?
2, 3
Let l = 253 + 228. Suppose 0 = q - n - 144, -4*n = 5*q - l - 284. Suppose -3*o + 28 = -q. List the prime factors of o.
59
Let r(u) = -11*u - 10. Let x be r(-6). Let c = 93 - x. List the prime factors of c.
37
Let n(z) = -12 - 3*z + z - z + 9*z. List the prime factors of n(11).
2, 3
Let w be ((-2)/4)/(2/(-4)). Let m(g) = -g - 1. Let t(n) = -40*n**2 + 120*n + 120. Let p(b) = -120*m(b) - t(b). What are the prime factors of p(w)?
2, 5
Let q(i) = 2*i - 32. Let y be q(17). What are the prime factors of -2 + 177/3*y?
2, 29
Let s(p) = 3792*p**2 + 27*p - 2. What are the prime factors of s(1)?
11, 347
Suppose v + m = 6*v - 123, 2*v - 42 = -2*m. Let y = v + -15. List the prime factors of y.
3
Let a(i) = 5*i + 20. Suppose -6*x + 36 = -3*x. List the prime factors of a(x).
2, 5
Let u be 79005/105 - (-4)/7. Let z =